mon factor of 20 and d.
20
Let k be (-28672)/(7 - 11)*2. What is the greatest common factor of k and 112?
112
Let a = -121 + 131. Suppose 2*b + 5*c = -b + a, 2 = -2*c. Calculate the highest common factor of 95 and b.
5
Suppose h + 4*h - 28 = -2*k, -2*h + 28 = 5*k. Suppose 6 = 6*s - 3*s. Suppose 3*q + s*q = 180. Calculate the greatest common divisor of h and q.
4
Suppose 12*b - 14*b - 4*f = -16, f + 24 = 3*b. Let m = 1358 - 934. Calculate the highest common factor of m and b.
8
Let s(l) be the first derivative of -5*l**3/3 - 45*l**2/2 - 30*l + 105. Let r be s(-7). What is the highest common factor of 130 and r?
10
Suppose 0 = -2*h + 2, -16*c + 358 = -13*c + h. Suppose 0 = -m - 5*o - 22 + 93, -o = 2*m - 106. Calculate the highest common factor of m and c.
17
Suppose -2*t + 26 = -2*g + t, -5*t + 10 = 0. Let w be ((-18)/(-15))/(-4 + (-42)/g). Calculate the greatest common factor of w and 48.
6
Suppose -166 = 4*l + 38. Let h = l - -114. Suppose 13*w = h + 15. What is the highest common divisor of w and 30?
6
Suppose 18*q - 42 - 156 = 0. Let i(x) = 4*x**2 - 32*x + 242. Let m be i(q). What is the highest common factor of 22 and m?
22
Let c be ((-10)/7)/((-7)/(-49)). Let b be 3/(15/56) - (-2)/c. Calculate the highest common divisor of b and 649.
11
Let m(v) = -v**3 - 132*v**2 + 185*v - 70. Let s be m(-134). Calculate the highest common divisor of 36 and s.
36
Suppose -8 = 4*y + 4*q, q = 4*y - 2*q - 20. Suppose 6*u = y*u - 664. Let m = -98 - u. Calculate the greatest common factor of 170 and m.
34
Let a be (130 - 6)/(-4)*-7. Suppose 5*y = -5*o + 20, y + 24 = o + 2*o. Calculate the greatest common factor of a and o.
7
Let d(c) = -5*c**2 + 12*c + 7. Let m be d(3). Let h be ((-63)/(-84))/(m/(-152)). Calculate the greatest common divisor of h and 95.
19
Suppose 5*k + p - 552 = 0, 0 = -225*k + 229*k - 3*p - 472. Suppose -44 = -r - 12. Calculate the highest common factor of r and k.
16
Let s(l) be the third derivative of 5*l**4/24 - 11*l**3 - 5*l**2. Let x be -19*(-6)/4*66/99. Let t be s(x). What is the greatest common factor of t and 319?
29
Suppose -3*s = -24 - 24. Let w(c) = c**3 + 4*c**2 - 11*c + 6. Let p be w(-5). Let n be (p/(-6) - -8)*12*1. Calculate the greatest common factor of s and n.
8
Let k = 6408 - 6155. Calculate the highest common divisor of 4301 and k.
253
Let p be ((-2)/(-4))/(5/(-30)) + 120. Suppose -v + 686 = 4*w + 143, 2*w + 2*v = 264. Let b = w - p. Calculate the greatest common divisor of b and 30.
10
Suppose 2*c - 2*y = 162, 2*c + y - 4*y - 160 = 0. Suppose -6840 = -21*x - 51*x. Let u = x - c. What is the highest common divisor of 16 and u?
4
Suppose 0 = 5*r + 42 - 57. Suppose -5*d = 5, r*d = 2*j - 9 - 4. Let a = -14 - -34. Calculate the highest common factor of j and a.
5
Let d(s) = -2*s**3 - 21*s**2 - 9*s - 15. Let u be d(-11). Suppose -8*k + z + u = -5*k, 0 = -k + 5*z + 45. What is the highest common factor of k and 175?
35
Suppose -4*i + 5*t + 17 = 105, -t = 0. Let y = -26 - -18. Let o be (i + 2)*(-7)/y*-6. What is the greatest common factor of 21 and o?
21
Let q = 1800 + -1249. Suppose 73 = s + 4*i + 46, s = 3*i + 13. Calculate the highest common factor of s and q.
19
Suppose 3375*z - 1296 = -3404*z + 6743*z. Let w = -12 - -32. Calculate the greatest common divisor of w and z.
4
Let s(x) = -x**2 - 143*x - 1652. Let y be s(-66). Calculate the highest common factor of 14 and y.
14
Suppose -60 = -8*k - 20. Suppose 0 = -x - 3*l - 29 - 1, -3*l + 114 = -k*x. Let j be (17 + -1)*(-12)/x. Calculate the greatest common divisor of j and 20.
4
Let w = -2021 + 2061. What is the greatest common factor of 304 and w?
8
Let d be 5 + (1 - 4) + 5. Suppose 4*p - d*z + 3*z - 432 = 0, -324 = -3*p + z. Suppose -2*t = t - 108. What is the greatest common factor of p and t?
36
Suppose 5*f + 4*u = -6, 4*f - 2*u - 188 + 172 = 0. What is the greatest common factor of 3862 and f?
2
Let a be (-5607)/712 + (7 - -1) + (-231647)/(-8). Calculate the greatest common divisor of 228 and a.
228
Suppose -2*q = 6, 0 = 33*f - 37*f + 6*q + 1066. Calculate the greatest common divisor of f and 36680.
262
Suppose -38*j + 32 = -46*j. Let z be 2/j + (-14)/(-4) - -641. Suppose 12*i - z = 196. What is the greatest common divisor of i and 14?
14
Let h be (124/(-28) - -2 - -3)*7. Let t(v) = v**3 - v**2 - 13*v + 40. Let w be t(h). Calculate the highest common factor of w and 12.
12
Let w(u) = -u**3 + 53*u**2 + 120*u - 165. Let k be w(55). Calculate the highest common divisor of 595 and k.
35
Let f(m) = -2*m**2 + 11*m - 25. Let p be f(3). Let i = 63 + -33. Let u = p + i. What is the greatest common divisor of u and 8?
4
Suppose 29*k = -54*k + k + 106026. What is the greatest common divisor of k and 6?
3
Let x = -2615 + 2915. What is the greatest common factor of 225 and x?
75
Suppose 3*i + 176 = -0*l + 2*l, 4*i - 264 = -3*l. Let q be 6/3*(-28)/(-14)*6. Calculate the highest common factor of l and q.
8
Suppose -418 + 1909 + 389 = 47*h. Calculate the greatest common divisor of h and 290.
10
Suppose -118*j = -188514 - 39723 + 21855. Calculate the highest common factor of 18 and j.
3
Let f be (196384/(-285))/(-38) + (-4)/30*1. Calculate the greatest common factor of f and 132.
6
Suppose -62*i + 1133 + 117 = 63*i. What is the highest common divisor of 1990 and i?
10
Suppose 0 = 3*c + 2*j - 44, 1886*j + 54 = 4*c + 1884*j. Calculate the highest common factor of c and 53298.
14
Let w be (-10)/8*72/(-45). Suppose -4*i = -3*m + 172, -w*i = m - 40 - 4. Calculate the highest common divisor of m and 4.
4
Suppose -2*r = -17*r + 30. Suppose 0*o = 2*z + r*o - 182, -z = 5*o - 83. Calculate the highest common factor of z and 62.
31
Let a(t) = 3*t - 2. Let y be a(7). Suppose y = s + 2*v, 0 = -4*v + 3*v + 5. Let u = 5515 - 5434. Calculate the highest common factor of s and u.
9
Let l(w) = 2*w + 8. Let p be l(-4). Suppose 26*g - 30*g + 80 = p. What is the highest common divisor of 5 and g?
5
Let c(w) = 28*w + 1684. Let i be c(-60). Let k(u) = u**2 + 2*u - 3. Let a be k(4). Calculate the highest common factor of i and a.
1
Let v = 3134 - 3015. Calculate the greatest common divisor of 7616 and v.
119
Let b be (-3 - (-10)/6)*(146 - 158). Calculate the greatest common factor of 476 and b.
4
Suppose -40*z - 273 = -79*z. Suppose 123 = -5*i - 17. Let o be (-440)/i*(z - 0 - 0). What is the highest common divisor of 10 and o?
10
Suppose 0 = 5*r - 2*r - 1292 + 632. Calculate the greatest common divisor of r and 120.
20
Let z = 172 - 167. Suppose -4*a = 5*p - 82, -z*a = p - 6 - 2. What is the highest common factor of 2 and p?
2
Let c be 288/10*50/15. Calculate the highest common divisor of 368 and c.
16
Suppose -86*o + 117*o + 70*o - 5656 = 0. Let z be 4/10 + 486/10. Calculate the greatest common divisor of o and z.
7
Suppose 0 = -74*k + 742861 + 67661. Calculate the highest common divisor of k and 36.
9
Let h(y) = -7*y + 158. Let z be h(18). Suppose -39*i + 882 = -z*i. What is the highest common divisor of 70 and i?
14
Let s(c) = -483*c - 28480. Let p be s(-59). Suppose -264 = -3*r - 0*l - 3*l, 0 = -5*r + 4*l + 413. Calculate the greatest common divisor of r and p.
17
Let p = -40038 + 40081. What is the greatest common divisor of p and 42871?
43
Let b(k) = k**3 + 14*k**2 + 2*k + 42. Suppose 0 = 2*g - 12*g - 140. Let h be b(g). Calculate the highest common divisor of h and 98.
14
Let a = 39 - 71. Let t = a + 33. Suppose 0 = 4*m + 3*u - 43, 4*m = 9*m + 3*u - 50. What is the highest common divisor of t and m?
1
Let z(q) = 9*q + 955. Let w be z(-101). Let k = 24 + -1. Calculate the highest common divisor of w and k.
23
Suppose 4*l - 286 = 5*h, l - 2*h - 86 + 13 = 0. Let t = -76 + l. Let a(f) = -6*f - 11. Let q be a(t). What is the highest common factor of q and 31?
31
Suppose -43*r + 22535 = 5*h - 46*r, 2*h = 2*r + 9018. What is the highest common divisor of h and 16?
8
Let h = -132 + -130. Let g = h + 592. Suppose -31*c = -38*c + 210. What is the greatest common divisor of c and g?
30
Let v be -3 - 1 - (-10115 - (6 + -17)). Calculate the highest common divisor of 5 and v.
5
Let q = 2022 - 2016. What is the greatest common factor of q and 366?
6
Let h be (-3 - -4)/((-95)/(-11400)). Calculate the highest common divisor of h and 228.
12
Suppose 1166 + 19294 = 44*a. Calculate the greatest common factor of a and 37